{"id":11,"date":"2023-09-17T06:16:35","date_gmt":"2023-09-17T04:16:35","guid":{"rendered":"https:\/\/gfleuryphotographie.com\/?page_id=11"},"modified":"2023-12-14T18:10:27","modified_gmt":"2023-12-14T17:10:27","slug":"documentaire","status":"publish","type":"page","link":"https:\/\/gfleuryphotographie.com\/index.php\/documentaire\/","title":{"rendered":"Documentaire"},"content":{"rendered":"<p>[et_pb_section fb_built=&#8221;1&#8243; admin_label=&#8221;section&#8221; _builder_version=&#8221;4.22.2&#8243; custom_padding=&#8221;||||false|false&#8221; global_colors_info=&#8221;{}&#8221;][et_pb_row admin_label=&#8221;Sous titre&#8221; _builder_version=&#8221;4.22.2&#8243; _module_preset=&#8221;default&#8221; custom_padding=&#8221;23px||||false|false&#8221; animation_style=&#8221;slide&#8221; animation_direction=&#8221;top&#8221; animation_duration=&#8221;1100ms&#8221; animation_intensity_slide=&#8221;20%&#8221; animation_starting_opacity=&#8221;10%&#8221; global_colors_info=&#8221;{}&#8221;][et_pb_column type=&#8221;4_4&#8243; _builder_version=&#8221;4.22.2&#8243; _module_preset=&#8221;default&#8221; global_colors_info=&#8221;{}&#8221;][et_pb_text _builder_version=&#8221;4.22.2&#8243; _module_preset=&#8221;default&#8221; text_font=&#8221;|600|||||||&#8221; header_font=&#8221;||||||||&#8221; text_orientation=&#8221;center&#8221; custom_margin=&#8221;-4px||-30px||false|false&#8221; header_2_font_tablet=&#8221;&#8221; header_2_font_phone=&#8221;||||||||&#8221; header_2_font_last_edited=&#8221;on|phone&#8221; global_colors_info=&#8221;{}&#8221;]<\/p>\n<p>\u200b<span style=\"font-size: var(--wp--preset--font-size--medium);\">Le coeur de ma passion pour la photographie.<\/span><\/p>\n<p>[\/et_pb_text][\/et_pb_column][\/et_pb_row][et_pb_row admin_label=&#8221;Paragraphe&#8221; _builder_version=&#8221;4.22.2&#8243; _module_preset=&#8221;default&#8221; animation_style=&#8221;slide&#8221; animation_direction=&#8221;top&#8221; animation_duration=&#8221;1100ms&#8221; animation_intensity_slide=&#8221;20%&#8221; animation_starting_opacity=&#8221;10%&#8221; global_colors_info=&#8221;{}&#8221;][et_pb_column type=&#8221;4_4&#8243; _builder_version=&#8221;4.22.2&#8243; _module_preset=&#8221;default&#8221; global_colors_info=&#8221;{}&#8221;][et_pb_text _builder_version=&#8221;4.22.2&#8243; _module_preset=&#8221;default&#8221; custom_padding=&#8221;||0px|||&#8221; global_colors_info=&#8221;{}&#8221;]<\/p>\n<p style=\"text-align: justify;\">Rien ne me fais sentir plus vivant que de faire mon sac \u00e0 dos, m&#8217;arracher \u00e0 mon environnement, de voir les paysages d\u00e9filer sous mes yeux et sentir mes sens s&#8217;\u00e9veiller en arrivant sur le seuil d&#8217;une nouvelle culture. Plonger dedans, s&#8217;en impr\u00e9gner, tenter de s&#8217;immiscer sans faire de vagues, sans perturber la nature m\u00eame de la chor\u00e9graphie locale.<br \/>J&#8217;aime la photo documentaire pour son pouvoir de transporter des histoires humaines, et ce bien au del\u00e0 des fronti\u00e8res.<\/p>\n<p>[\/et_pb_text][et_pb_divider color=&#8221;rgba(10,10,10,0.51)&#8221; divider_weight=&#8221;0.5px&#8221; _builder_version=&#8221;4.22.2&#8243; _module_preset=&#8221;default&#8221; width=&#8221;88%&#8221; module_alignment=&#8221;center&#8221; custom_margin=&#8221;35px||||false|false&#8221; custom_padding=&#8221;||0px||false|false&#8221; global_colors_info=&#8221;{}&#8221;][\/et_pb_divider][\/et_pb_column][\/et_pb_row][et_pb_row column_structure=&#8221;1_2,1_2&#8243; _builder_version=&#8221;4.22.2&#8243; _module_preset=&#8221;default&#8221; custom_margin=&#8221;-33px||0px||false|false&#8221; custom_padding=&#8221;0px||0px||false|false&#8221; animation_style=&#8221;fade&#8221; animation_duration=&#8221;2000ms&#8221; global_colors_info=&#8221;{}&#8221;][et_pb_column type=&#8221;1_2&#8243; _builder_version=&#8221;4.22.2&#8243; _module_preset=&#8221;default&#8221; global_colors_info=&#8221;{}&#8221;][et_pb_text _builder_version=&#8221;4.22.2&#8243; _module_preset=&#8221;default&#8221; text_font=&#8221;Abhaya Libre||||||||&#8221; text_font_size=&#8221;26px&#8221; header_font_size=&#8221;42px&#8221; text_orientation=&#8221;center&#8221; module_alignment=&#8221;center&#8221; custom_margin=&#8221;33px||8px||false|false&#8221; custom_margin_tablet=&#8221;33px||8px||false|false&#8221; custom_margin_phone=&#8221;33px||8px||false|false&#8221; custom_margin_last_edited=&#8221;on|desktop&#8221; link_option_url=&#8221;https:\/\/gfleuryphotographie.com\/index.php\/1397-2\/&#8221; global_colors_info=&#8221;{}&#8221;]<\/p>\n<h1 class=\"kt-adv-heading11_cb7fc1-31 wp-block-kadence-advancedheading\" data-kb-block=\"kb-adv-heading11_cb7fc1-31\">Bali : Les mains des Dieux<\/h1>\n<p>[\/et_pb_text][et_pb_divider color=&#8221;RGBA(10,10,10,0.51)&#8221; divider_weight=&#8221;0.5px&#8221; _builder_version=&#8221;4.22.2&#8243; _module_preset=&#8221;default&#8221; width=&#8221;35%&#8221; module_alignment=&#8221;center&#8221; min_height=&#8221;28.8px&#8221; link_option_url=&#8221;https:\/\/gfleuryphotographie.com\/index.php\/1397-2\/&#8221; global_colors_info=&#8221;{}&#8221;][\/et_pb_divider][et_pb_text _builder_version=&#8221;4.22.2&#8243; _module_preset=&#8221;default&#8221; text_font=&#8221;Albert Sans|200|||||||&#8221; text_font_size=&#8221;23px&#8221; header_text_align=&#8221;left&#8221; text_orientation=&#8221;center&#8221; custom_margin=&#8221;-45px||||false|false&#8221; link_option_url=&#8221;https:\/\/gfleuryphotographie.com\/index.php\/1397-2\/&#8221; global_colors_info=&#8221;{}&#8221;]<\/p>\n<p>La finesse de l&#8217;artisanat balinais<\/p>\n<p>[\/et_pb_text][et_pb_image src=&#8221;https:\/\/gfleuryphotographie.com\/wp-content\/uploads\/2023\/09\/DSC8257-scaled.jpg&#8221; title_text=&#8221;_DSC8257&#8243; url=&#8221;https:\/\/gfleuryphotographie.com\/index.php\/1397-2\/&#8221; _builder_version=&#8221;4.22.2&#8243; _module_preset=&#8221;default&#8221; hover_enabled=&#8221;0&#8243; global_colors_info=&#8221;{}&#8221; sticky_enabled=&#8221;0&#8243;][\/et_pb_image][\/et_pb_column][et_pb_column type=&#8221;1_2&#8243; _builder_version=&#8221;4.22.2&#8243; _module_preset=&#8221;default&#8221; global_colors_info=&#8221;{}&#8221;][et_pb_text _builder_version=&#8221;4.22.2&#8243; _module_preset=&#8221;default&#8221; text_font=&#8221;Abhaya Libre||||||||&#8221; text_font_size=&#8221;26px&#8221; header_font_size=&#8221;42px&#8221; text_orientation=&#8221;center&#8221; module_alignment=&#8221;center&#8221; custom_margin=&#8221;33px||8px||false|false&#8221; custom_margin_tablet=&#8221;33px||8px||false|false&#8221; custom_margin_phone=&#8221;33px||8px||false|false&#8221; custom_margin_last_edited=&#8221;on|desktop&#8221; link_option_url=&#8221;https:\/\/gfleuryphotographie.com\/index.php\/1397-2\/&#8221; global_colors_info=&#8221;{}&#8221;]<\/p>\n<h1 class=\"kt-adv-heading11_cb7fc1-31 wp-block-kadence-advancedheading\" data-kb-block=\"kb-adv-heading11_cb7fc1-31\">Les collecteurs d&#8217;algues<\/h1>\n<p>[\/et_pb_text][et_pb_divider color=&#8221;RGBA(10,10,10,0.51)&#8221; divider_weight=&#8221;0.5px&#8221; _builder_version=&#8221;4.22.2&#8243; _module_preset=&#8221;default&#8221; width=&#8221;35%&#8221; module_alignment=&#8221;center&#8221; min_height=&#8221;28.8px&#8221; link_option_url=&#8221;https:\/\/gfleuryphotographie.com\/index.php\/1397-2\/&#8221; hover_enabled=&#8221;0&#8243; locked=&#8221;off&#8221; global_colors_info=&#8221;{}&#8221; sticky_enabled=&#8221;0&#8243;][\/et_pb_divider][et_pb_text _builder_version=&#8221;4.22.2&#8243; _module_preset=&#8221;default&#8221; text_font=&#8221;Albert Sans|200|||||||&#8221; text_font_size=&#8221;23px&#8221; header_text_align=&#8221;left&#8221; text_orientation=&#8221;center&#8221; custom_margin=&#8221;-45px||||false|false&#8221; link_option_url=&#8221;https:\/\/gfleuryphotographie.com\/index.php\/1397-2\/&#8221; hover_enabled=&#8221;0&#8243; global_colors_info=&#8221;{}&#8221; sticky_enabled=&#8221;0&#8243;]<\/p>\n<p>A l&#8217;origine de nos cosm\u00e9tiques<\/p>\n<p>[\/et_pb_text][et_pb_image src=&#8221;https:\/\/gfleuryphotographie.com\/wp-content\/uploads\/2023\/09\/DSC6781-scaled.jpg&#8221; title_text=&#8221;_DSC6781&#8243; url=&#8221;https:\/\/gfleuryphotographie.com\/index.php\/1397-2\/&#8221; _builder_version=&#8221;4.22.2&#8243; _module_preset=&#8221;default&#8221; hover_enabled=&#8221;0&#8243; global_colors_info=&#8221;{}&#8221; sticky_enabled=&#8221;0&#8243;][\/et_pb_image][\/et_pb_column][\/et_pb_row][et_pb_row column_structure=&#8221;1_2,1_2&#8243; _builder_version=&#8221;4.22.2&#8243; _module_preset=&#8221;default&#8221; custom_margin=&#8221;||||false|false&#8221; custom_padding=&#8221;0px||3px||false|false&#8221; link_option_url=&#8221; gfleuryphotographie.com\/index.php\/bali-les-mains-des-dieux\/&#8221; global_colors_info=&#8221;{}&#8221;][et_pb_column type=&#8221;1_2&#8243; _builder_version=&#8221;4.22.2&#8243; _module_preset=&#8221;default&#8221; global_colors_info=&#8221;{}&#8221;][et_pb_text admin_label=&#8221;Text&#8221; _builder_version=&#8221;4.22.2&#8243; _module_preset=&#8221;default&#8221; text_font=&#8221;Abhaya Libre||||||||&#8221; text_font_size=&#8221;26px&#8221; header_font_size=&#8221;42px&#8221; text_orientation=&#8221;center&#8221; module_alignment=&#8221;center&#8221; custom_margin=&#8221;57px||8px||false|false&#8221; link_option_url=&#8221;https:\/\/gfleuryphotographie.com\/index.php\/1397-2\/&#8221; global_colors_info=&#8221;{}&#8221;]<\/p>\n<h1 class=\"kt-adv-heading11_cb7fc1-31 wp-block-kadence-advancedheading\" data-kb-block=\"kb-adv-heading11_cb7fc1-31\">Choco : entre jungle et pacifique<\/h1>\n<p>[\/et_pb_text][et_pb_divider color=&#8221;RGBA(10,10,10,0.51)&#8221; divider_weight=&#8221;0.5px&#8221; _builder_version=&#8221;4.22.2&#8243; _module_preset=&#8221;default&#8221; width=&#8221;35%&#8221; module_alignment=&#8221;center&#8221; link_option_url=&#8221;https:\/\/gfleuryphotographie.com\/index.php\/1397-2\/&#8221; global_colors_info=&#8221;{}&#8221;][\/et_pb_divider][et_pb_text _builder_version=&#8221;4.22.2&#8243; _module_preset=&#8221;default&#8221; text_font=&#8221;Albert Sans|200|||||||&#8221; text_font_size=&#8221;23px&#8221; header_text_align=&#8221;left&#8221; text_orientation=&#8221;center&#8221; custom_margin=&#8221;-45px||||false|false&#8221; link_option_url=&#8221;https:\/\/gfleuryphotographie.com\/index.php\/1397-2\/&#8221; global_colors_info=&#8221;{}&#8221;]<\/p>\n<p>Terre native et afro-colombienne<\/p>\n<p>[\/et_pb_text][et_pb_image src=&#8221;https:\/\/gfleuryphotographie.com\/wp-content\/uploads\/2023\/09\/20170722-000940-scaled.jpg&#8221; title_text=&#8221;20170722-000940&#8243; url=&#8221;https:\/\/gfleuryphotographie.com\/index.php\/1397-2\/&#8221; _builder_version=&#8221;4.22.2&#8243; _module_preset=&#8221;default&#8221; custom_margin=&#8221;||||false|false&#8221; global_colors_info=&#8221;{}&#8221;][\/et_pb_image][\/et_pb_column][et_pb_column type=&#8221;1_2&#8243; _builder_version=&#8221;4.22.2&#8243; _module_preset=&#8221;default&#8221; global_colors_info=&#8221;{}&#8221;][et_pb_text admin_label=&#8221;Text&#8221; _builder_version=&#8221;4.22.2&#8243; _module_preset=&#8221;default&#8221; text_font=&#8221;Abhaya Libre||||||||&#8221; text_font_size=&#8221;26px&#8221; header_font_size=&#8221;42px&#8221; text_orientation=&#8221;center&#8221; module_alignment=&#8221;center&#8221; custom_margin=&#8221;77px||8px||false|false&#8221; custom_margin_tablet=&#8221;77px||8px||false|false&#8221; custom_margin_phone=&#8221;77px||8px||false|false&#8221; custom_margin_last_edited=&#8221;on|desktop&#8221; hover_enabled=&#8221;0&#8243; global_colors_info=&#8221;{}&#8221; link_option_url=&#8221;https:\/\/gfleuryphotographie.com\/index.php\/1397-2\/&#8221; sticky_enabled=&#8221;0&#8243;]<\/p>\n<h1 class=\"kt-adv-heading11_cb7fc1-31 wp-block-kadence-advancedheading\" data-kb-block=\"kb-adv-heading11_cb7fc1-31\">Potosi : la montagne d&#8217;argent<\/h1>\n<p>[\/et_pb_text][et_pb_divider color=&#8221;RGBA(10,10,10,0.51)&#8221; divider_weight=&#8221;0.5px&#8221; _builder_version=&#8221;4.22.2&#8243; _module_preset=&#8221;default&#8221; width=&#8221;35%&#8221; module_alignment=&#8221;center&#8221; min_height=&#8221;28.8px&#8221; hover_enabled=&#8221;0&#8243; locked=&#8221;off&#8221; global_colors_info=&#8221;{}&#8221; link_option_url=&#8221;https:\/\/gfleuryphotographie.com\/index.php\/1397-2\/&#8221; sticky_enabled=&#8221;0&#8243;][\/et_pb_divider][et_pb_text _builder_version=&#8221;4.22.2&#8243; _module_preset=&#8221;default&#8221; text_font=&#8221;Albert Sans|200|||||||&#8221; text_font_size=&#8221;23px&#8221; header_text_align=&#8221;left&#8221; text_orientation=&#8221;center&#8221; custom_margin=&#8221;-45px||||false|false&#8221; hover_enabled=&#8221;0&#8243; global_colors_info=&#8221;{}&#8221; link_option_url=&#8221;https:\/\/gfleuryphotographie.com\/index.php\/1397-2\/&#8221; sticky_enabled=&#8221;0&#8243;]<\/p>\n<p>Les miniers du cerro plata<\/p>\n<p>[\/et_pb_text][et_pb_image src=&#8221;https:\/\/gfleuryphotographie.com\/wp-content\/uploads\/2023\/09\/20180928-114258-scaled.jpg&#8221; title_text=&#8221;20180928-114258&#8243; _builder_version=&#8221;4.22.2&#8243; _module_preset=&#8221;default&#8221; custom_margin=&#8221;46px||8px||false|false&#8221; hover_enabled=&#8221;0&#8243; global_colors_info=&#8221;{}&#8221; url=&#8221;https:\/\/gfleuryphotographie.com\/index.php\/1397-2\/&#8221; sticky_enabled=&#8221;0&#8243;][\/et_pb_image][\/et_pb_column][\/et_pb_row][\/et_pb_section]<\/p>\n","protected":false},"excerpt":{"rendered":"<p>\u200bLe coeur de ma passion pour la photographie.Rien ne me fais sentir plus vivant que de faire mon sac \u00e0 dos, m&#8217;arracher \u00e0 mon environnement, de voir les paysages d\u00e9filer sous mes yeux et sentir mes sens s&#8217;\u00e9veiller en arrivant sur le seuil d&#8217;une nouvelle culture. Plonger dedans, s&#8217;en impr\u00e9gner, tenter de s&#8217;immiscer sans faire [&hellip;]<\/p>\n","protected":false},"author":1,"featured_media":0,"parent":0,"menu_order":0,"comment_status":"closed","ping_status":"closed","template":"","meta":{"_et_pb_use_builder":"on","_et_pb_old_content":"<!-- wp:heading {\"textAlign\":\"center\",\"style\":{\"typography\":{\"fontStyle\":\"normal\",\"fontWeight\":\"600\",\"fontSize\":\"47px\"}},\"textColor\":\"theme-palette3\"} -->\n<h2 class=\"wp-block-heading has-text-align-center has-theme-palette-3-color has-text-color\" style=\"font-size:47px;font-style:normal;font-weight:600\">Documentaire<\/h2>\n<!-- \/wp:heading -->\n\n<!-- wp:kadence\/rowlayout {\"uniqueID\":\"11_f54bbd-ee\",\"columns\":1,\"colLayout\":\"equal\",\"kbVersion\":2} -->\n<!-- wp:kadence\/column {\"borderWidth\":[\"\",\"\",\"\",\"\"],\"uniqueID\":\"11_a498d2-fa\",\"borderStyle\":[{\"top\":[\"\",\"\",\"\"],\"right\":[\"\",\"\",\"\"],\"bottom\":[\"\",\"\",\"\"],\"left\":[\"\",\"\",\"\"],\"unit\":\"px\"}]} -->\n<div class=\"wp-block-kadence-column kadence-column11_a498d2-fa\"><div class=\"kt-inside-inner-col\"><!-- wp:paragraph {\"align\":\"center\",\"fontSize\":\"medium\"} -->\n<p class=\"has-text-align-center has-medium-font-size\"><mark style=\"background-color:rgba(0, 0, 0, 0)\" class=\"has-inline-color has-theme-palette-2-color\">Le coeur de ma passion pour la photographie.<\/mark><\/p>\n<!-- \/wp:paragraph --><\/div><\/div>\n<!-- \/wp:kadence\/column -->\n<!-- \/wp:kadence\/rowlayout -->\n\n<!-- wp:paragraph {\"align\":\"left\",\"style\":{\"spacing\":{\"padding\":{\"right\":\"5.4rem\",\"left\":\"5.4rem\"}}}} -->\n<p class=\"has-text-align-left\" style=\"padding-right:5.4rem;padding-left:5.4rem\">Rien ne me fais sentir plus vivant que de faire mon sac \u00e0 dos, m'arracher \u00e0 mon environnement, voir les paysages d\u00e9filer sous mes yeux et de sentir mes sens s'\u00e9veiller \u00e0 l'arriv\u00e9e sur le seuil d'une nouvelle culture. <br>J'aime la photo documentaire pour son pouvoir de transporter des histoires humaines, et ce bien au del\u00e0 des fronti\u00e8res.<\/p>\n<!-- \/wp:paragraph -->\n\n<!-- wp:kadence\/spacer {\"spacerHeight\":112,\"dividerWidth\":77,\"uniqueID\":\"11_cb47ed-85\"} -->\n<div class=\"wp-block-kadence-spacer aligncenter kt-block-spacer-11_cb47ed-85\"><div class=\"kt-block-spacer kt-block-spacer-halign-center\"><hr class=\"kt-divider\"\/><\/div><\/div>\n<!-- \/wp:kadence\/spacer -->\n\n<!-- wp:kadence\/rowlayout {\"uniqueID\":\"11_6266b9-39\",\"columnGutter\":\"skinny\",\"customGutter\":[16,\"\",\"\"],\"colLayout\":\"equal\",\"minHeight\":231,\"maxWidth\":1000,\"overlayFirstOpacity\":1,\"overlayOpacity\":4,\"overlayBlendMode\":\"darken\",\"borderRadius\":[\"\",\"\",\"\",\"\"],\"padding\":[\"sm\",\"\",\"\",\"\"],\"borderStyle\":[{\"top\":[\"\",\"solid\",\"\"],\"right\":[\"\",\"solid\",\"\"],\"bottom\":[\"\",\"solid\",\"\"],\"left\":[\"\",\"solid\",\"\"],\"unit\":\"px\"}],\"kbVersion\":2} -->\n<!-- wp:kadence\/column {\"borderWidth\":[\"\",\"\",\"\",\"\"],\"uniqueID\":\"11_d5eb99-f8\",\"borderStyle\":[{\"top\":[\"\",\"\",\"\"],\"right\":[\"\",\"\",\"\"],\"bottom\":[\"\",\"\",\"\"],\"left\":[\"\",\"\",\"\"],\"unit\":\"px\"}]} -->\n<div class=\"wp-block-kadence-column kadence-column11_d5eb99-f8\"><div class=\"kt-inside-inner-col\"><!-- wp:image {\"id\":141,\"sizeSlug\":\"large\",\"linkDestination\":\"custom\"} -->\n<figure class=\"wp-block-image size-large\"><a href=\"https:\/\/gfleuryphotographie.com\/index.php\/bali-les-mains-des-dieux\/\"><img src=\"https:\/\/gfleuryphotographie.com\/wp-content\/uploads\/2023\/09\/DSC8257-1024x684.jpg\" alt=\"\" class=\"wp-image-141\"\/><\/a><\/figure>\n<!-- \/wp:image --><\/div><\/div>\n<!-- \/wp:kadence\/column -->\n\n<!-- wp:kadence\/column {\"id\":2,\"borderWidth\":[\"\",\"\",\"\",\"\"],\"uniqueID\":\"11_f2e771-8b\",\"verticalAlignment\":\"middle\",\"borderStyle\":[{\"top\":[\"\",\"\",\"\"],\"right\":[\"\",\"\",\"\"],\"bottom\":[\"\",\"\",\"\"],\"left\":[\"\",\"\",\"\"],\"unit\":\"px\"}]} -->\n<div class=\"wp-block-kadence-column kadence-column11_f2e771-8b\"><div class=\"kt-inside-inner-col\"><!-- wp:kadence\/advancedheading {\"level\":1,\"uniqueID\":\"11_cb7fc1-31\",\"align\":\"center\",\"typography\":\"Georgia, serif\",\"fontWeight\":\"100\",\"padding\":[\"\",\"\",\"\",\"\"],\"markBorder\":\"\",\"markBorderStyles\":[{\"top\":[null,\"\",\"\"],\"right\":[null,\"\",\"\"],\"bottom\":[null,\"\",\"\"],\"left\":[null,\"\",\"\"],\"unit\":\"\"}],\"tabletMarkBorderStyles\":[{\"top\":[null,\"\",\"\"],\"right\":[null,\"\",\"\"],\"bottom\":[null,\"\",\"\"],\"left\":[null,\"\",\"\"],\"unit\":\"\"}],\"mobileMarkBorderStyles\":[{\"top\":[null,\"\",\"\"],\"right\":[null,\"\",\"\"],\"bottom\":[null,\"\",\"\"],\"left\":[null,\"\",\"\"],\"unit\":\"\"}],\"fontSize\":[40,\"\",\"\"]} -->\n<h1 class=\"kt-adv-heading11_cb7fc1-31 wp-block-kadence-advancedheading\" data-kb-block=\"kb-adv-heading11_cb7fc1-31\">Bali : Les mains des Dieux<\/h1>\n<!-- \/wp:kadence\/advancedheading -->\n\n<!-- wp:kadence\/icon {\"uniqueID\":\"11_93c7ec-33\"} -->\n<div class=\"wp-block-kadence-icon kt-svg-icons kt-svg-icons11_93c7ec-33 alignnone\"><!-- wp:kadence\/single-icon {\"uniqueID\":\"11_3d3af9-ca\",\"icon\":\"fe_minus\",\"width\":0.5} -->\n<div class=\"wp-block-kadence-single-icon kt-svg-style-default kt-svg-icon-wrap kt-svg-item-11_3d3af9-ca\"><span data-name=\"fe_minus\" data-stroke=\"0.5\" class=\"kadence-dynamic-icon\"><\/span><\/div>\n<!-- \/wp:kadence\/single-icon --><\/div>\n<!-- \/wp:kadence\/icon -->\n\n<!-- wp:kadence\/advancedheading {\"uniqueID\":\"11_e248ea-a4\",\"align\":\"center\",\"fontWeight\":\"100\",\"markBorder\":\"\",\"markBorderStyles\":[{\"top\":[null,\"\",\"\"],\"right\":[null,\"\",\"\"],\"bottom\":[null,\"\",\"\"],\"left\":[null,\"\",\"\"],\"unit\":\"px\"}],\"tabletMarkBorderStyles\":[{\"top\":[null,\"\",\"\"],\"right\":[null,\"\",\"\"],\"bottom\":[null,\"\",\"\"],\"left\":[null,\"\",\"\"],\"unit\":\"px\"}],\"mobileMarkBorderStyles\":[{\"top\":[null,\"\",\"\"],\"right\":[null,\"\",\"\"],\"bottom\":[null,\"\",\"\"],\"left\":[null,\"\",\"\"],\"unit\":\"px\"}],\"fontSize\":[\"md\",\"\",\"\"]} -->\n<h2 class=\"kt-adv-heading11_e248ea-a4 wp-block-kadence-advancedheading\" data-kb-block=\"kb-adv-heading11_e248ea-a4\">La finesse de l'artisanat balinais<\/h2>\n<!-- \/wp:kadence\/advancedheading --><\/div><\/div>\n<!-- \/wp:kadence\/column -->\n<!-- \/wp:kadence\/rowlayout -->","_et_gb_content_width":"","footnotes":""},"class_list":["post-11","page","type-page","status-publish","hentry"],"_links":{"self":[{"href":"https:\/\/gfleuryphotographie.com\/index.php\/wp-json\/wp\/v2\/pages\/11","targetHints":{"allow":["GET"]}}],"collection":[{"href":"https:\/\/gfleuryphotographie.com\/index.php\/wp-json\/wp\/v2\/pages"}],"about":[{"href":"https:\/\/gfleuryphotographie.com\/index.php\/wp-json\/wp\/v2\/types\/page"}],"author":[{"embeddable":true,"href":"https:\/\/gfleuryphotographie.com\/index.php\/wp-json\/wp\/v2\/users\/1"}],"replies":[{"embeddable":true,"href":"https:\/\/gfleuryphotographie.com\/index.php\/wp-json\/wp\/v2\/comments?post=11"}],"version-history":[{"count":76,"href":"https:\/\/gfleuryphotographie.com\/index.php\/wp-json\/wp\/v2\/pages\/11\/revisions"}],"predecessor-version":[{"id":1516,"href":"https:\/\/gfleuryphotographie.com\/index.php\/wp-json\/wp\/v2\/pages\/11\/revisions\/1516"}],"wp:attachment":[{"href":"https:\/\/gfleuryphotographie.com\/index.php\/wp-json\/wp\/v2\/media?parent=11"}],"curies":[{"name":"wp","href":"https:\/\/api.w.org\/{rel}","templated":true}]}}