{"id":15,"date":"2023-09-17T06:18:10","date_gmt":"2023-09-17T04:18:10","guid":{"rendered":"https:\/\/gfleuryphotographie.com\/?page_id=15"},"modified":"2024-04-14T08:52:10","modified_gmt":"2024-04-14T06:52:10","slug":"entreprise","status":"publish","type":"page","link":"https:\/\/gfleuryphotographie.com\/index.php\/entreprise\/","title":{"rendered":"Entreprises"},"content":{"rendered":"<p>[et_pb_section fb_built=&#8221;1&#8243; admin_label=&#8221;section&#8221; _builder_version=&#8221;4.22.2&#8243; custom_padding=&#8221;||0px|||&#8221; animation_style=&#8221;slide&#8221; animation_direction=&#8221;top&#8221; animation_duration=&#8221;2000ms&#8221; animation_intensity_slide=&#8221;5%&#8221; hover_enabled=&#8221;0&#8243; locked=&#8221;off&#8221; global_colors_info=&#8221;{}&#8221; sticky_enabled=&#8221;0&#8243;][et_pb_row admin_label=&#8221;Sous titre&#8221; _builder_version=&#8221;4.22.2&#8243; _module_preset=&#8221;default&#8221; animation_direction=&#8221;top&#8221; global_colors_info=&#8221;{}&#8221;][et_pb_column type=&#8221;4_4&#8243; _builder_version=&#8221;4.22.2&#8243; _module_preset=&#8221;default&#8221; global_colors_info=&#8221;{}&#8221;][et_pb_text _builder_version=&#8221;4.22.2&#8243; _module_preset=&#8221;default&#8221; text_font=&#8221;|700|||||||&#8221; text_font_size=&#8221;23px&#8221; text_orientation=&#8221;center&#8221; custom_margin=&#8221;42px||-3px||false|false&#8221; global_colors_info=&#8221;{}&#8221;]<\/p>\n<p>Mettre votre activit\u00e9 sur le devant de la sc\u00e8ne<\/p>\n<p>[\/et_pb_text][\/et_pb_column][\/et_pb_row][et_pb_row admin_label=&#8221;Paragraphe&#8221; _builder_version=&#8221;4.22.2&#8243; _module_preset=&#8221;default&#8221; animation_direction=&#8221;top&#8221; hover_enabled=&#8221;0&#8243; global_colors_info=&#8221;{}&#8221; sticky_enabled=&#8221;0&#8243;][et_pb_column type=&#8221;4_4&#8243; _builder_version=&#8221;4.22.2&#8243; _module_preset=&#8221;default&#8221; global_colors_info=&#8221;{}&#8221;][et_pb_text _builder_version=&#8221;4.22.2&#8243; _module_preset=&#8221;default&#8221; global_colors_info=&#8221;{}&#8221; custom_margin=&#8221;||-1px|||&#8221;]<\/p>\n<p style=\"text-align: center;\">De l&#8217;artisanat aux entreprises de finances, je propose diff\u00e9rentes formules permetant de mettre en valeur votre activit\u00e9.<\/p>\n<p>[\/et_pb_text][et_pb_divider color=&#8221;rgba(10,10,10,0.51)&#8221; divider_weight=&#8221;0.5px&#8221; _builder_version=&#8221;4.22.2&#8243; _module_preset=&#8221;default&#8221; width=&#8221;88%&#8221; module_alignment=&#8221;center&#8221; custom_margin=&#8221;35px||||false|false&#8221; custom_padding=&#8221;||0px||false|false&#8221; animation_direction=&#8221;top&#8221; hover_enabled=&#8221;0&#8243; global_colors_info=&#8221;{}&#8221; sticky_enabled=&#8221;0&#8243;][\/et_pb_divider][\/et_pb_column][\/et_pb_row][\/et_pb_section][et_pb_section fb_built=&#8221;1&#8243; _builder_version=&#8221;4.22.2&#8243; _module_preset=&#8221;default&#8221; min_height=&#8221;534px&#8221; custom_margin=&#8221;-69px||||false|false&#8221; global_colors_info=&#8221;{}&#8221;][et_pb_row column_structure=&#8221;1_2,1_2&#8243; _builder_version=&#8221;4.22.2&#8243; _module_preset=&#8221;default&#8221; width=&#8221;90%&#8221; max_width=&#8221;2560px&#8221; animation_style=&#8221;fade&#8221; animation_duration=&#8221;1600ms&#8221; hover_enabled=&#8221;0&#8243; global_colors_info=&#8221;{}&#8221; custom_margin=&#8221;auto|auto|auto|auto|false|false&#8221; sticky_enabled=&#8221;0&#8243; custom_padding=&#8221;||86px||false|false&#8221;][et_pb_column type=&#8221;1_2&#8243; _builder_version=&#8221;4.22.2&#8243; _module_preset=&#8221;default&#8221; global_colors_info=&#8221;{}&#8221;][et_pb_image src=&#8221;https:\/\/gfleuryphotographie.com\/wp-content\/uploads\/2023\/11\/20180716-083249-scaled.jpg&#8221; title_text=&#8221;20180716-083249&#8243; url=&#8221;https:\/\/gfleuryphotographie.com\/index.php\/1397-2\/&#8221; _builder_version=&#8221;4.22.2&#8243; _module_preset=&#8221;default&#8221; background_color=&#8221;rgba(0,0,0,0.26)&#8221; hover_enabled=&#8221;0&#8243; custom_css_before=&#8221;content:%22Votre image %22;|| white-space:pre;||position:absolute;||top:42%;||left:52%;||transform: translate(-50%, -50%);||\/*font-family: &#8216;Arial&#8217;;*\/||font-size: 35px;||font-weight: 300;||text-align:center;||color:#fff;||width:100%;||padding: 26.5px;||\/*opacity: 0.8;*\/||||transition-duration: .75s;||pointer-events: none;||letter-spacing: 9px;&#8221; custom_css_after=&#8221;content: %22Marketing%22;||position:absolute;||top:57%;||left:50%;||transform: translate(-50%, -50%);||\/*font-family: &#8216;Arial&#8217;;*\/||font-size: 35px;||font-weight: 300;||text-align:center;||color:#fff;||width:80%;||padding: 26.5px;||\/*opacity: 0.8;*\/||transition-duration: .75s;||pointer-events: none;||letter-spacing: 9px;||\/*background: #333;*\/&#8221; global_colors_info=&#8221;{}&#8221; background__hover_enabled=&#8221;on|desktop&#8221; background_color__hover=&#8221;rgba(221,221,221,0)&#8221; background_enable_color__hover=&#8221;on&#8221; src__hover_enabled=&#8221;on|hover&#8221; src__hover=&#8221;https:\/\/gfleuryphotographie.com\/wp-content\/uploads\/2023\/11\/20180716-083249-scaled.jpg&#8221; custom_css_after__hover_enabled=&#8221;on|hover&#8221; custom_css_after__hover=&#8221;opacity:1;&#8221; border_radii__hover_enabled=&#8221;on|hover&#8221; border_radii__hover=&#8221;on||||&#8221; sticky_enabled=&#8221;0&#8243; custom_css_before__hover_enabled=&#8221;on|desktop&#8221; custom_css_before__hover=&#8221;content:%22Votre image %22;|| white-space:pre;||position:absolute;||top:42%;||left:52%;||transform: translate(-50%, -50%);||\/*font-family: &#8216;Arial&#8217;;*\/||font-size: 35px;||font-weight: 300;||text-align:center;||color:#fff;||width:100%;||padding: 26.5px;||\/*opacity: 0.8;*\/||||transition-duration: .75s;||pointer-events: none;||letter-spacing: 9px;&#8221;][\/et_pb_image][\/et_pb_column][et_pb_column type=&#8221;1_2&#8243; _builder_version=&#8221;4.22.2&#8243; _module_preset=&#8221;default&#8221; global_colors_info=&#8221;{}&#8221;][et_pb_image src=&#8221;https:\/\/gfleuryphotographie.com\/wp-content\/uploads\/2023\/11\/20210605-185422-scaled.jpg&#8221; title_text=&#8221;20210605-185422&#8243; url=&#8221;https:\/\/gfleuryphotographie.com\/index.php\/1397-2\/&#8221; _builder_version=&#8221;4.22.2&#8243; _module_preset=&#8221;default&#8221; background_color=&#8221;rgba(0,0,0,0.26)&#8221; hover_enabled=&#8221;0&#8243; custom_css_after=&#8221;content: %22Reportage%22;||position:absolute;||top:50%;||left:50%;||transform: translate(-50%, -50%);||\/*font-family: &#8216;Arial&#8217;;*\/||font-size: 35px;||font-weight: 300;||text-align:center;||color:#fff;||width:80%;||padding: 26.5px;||\/*opacity: 0.8;*\/||transition-duration: .75s;||pointer-events: none;||letter-spacing: 9px;||\/*background: #333;*\/&#8221; global_colors_info=&#8221;{}&#8221; background_color__hover=&#8221;rgba(221,221,221,0)&#8221; background_enable_color__hover=&#8221;on&#8221; background__hover_enabled=&#8221;on|desktop&#8221; custom_css_after__hover=&#8221;opacity:1;&#8221; custom_css_after__hover_enabled=&#8221;on|desktop&#8221; border_radii__hover_enabled=&#8221;on|hover&#8221; border_radii__hover=&#8221;on||||&#8221; src__hover_enabled=&#8221;on|desktop&#8221; sticky_enabled=&#8221;0&#8243; src__hover=&#8221;https:\/\/gfleuryphotographie.com\/wp-content\/uploads\/2023\/11\/20210605-185422-scaled.jpg&#8221;][\/et_pb_image][\/et_pb_column][\/et_pb_row][\/et_pb_section]<\/p>\n","protected":false},"excerpt":{"rendered":"<p>Mettre votre activit\u00e9 sur le devant de la sc\u00e8neDe l&#8217;artisanat aux entreprises de finances, je propose diff\u00e9rentes formules permetant de mettre en valeur votre activit\u00e9.<\/p>\n","protected":false},"author":1,"featured_media":0,"parent":0,"menu_order":0,"comment_status":"closed","ping_status":"closed","template":"","meta":{"_et_pb_use_builder":"on","_et_pb_old_content":"","_et_gb_content_width":"","footnotes":""},"class_list":["post-15","page","type-page","status-publish","hentry"],"_links":{"self":[{"href":"https:\/\/gfleuryphotographie.com\/index.php\/wp-json\/wp\/v2\/pages\/15","targetHints":{"allow":["GET"]}}],"collection":[{"href":"https:\/\/gfleuryphotographie.com\/index.php\/wp-json\/wp\/v2\/pages"}],"about":[{"href":"https:\/\/gfleuryphotographie.com\/index.php\/wp-json\/wp\/v2\/types\/page"}],"author":[{"embeddable":true,"href":"https:\/\/gfleuryphotographie.com\/index.php\/wp-json\/wp\/v2\/users\/1"}],"replies":[{"embeddable":true,"href":"https:\/\/gfleuryphotographie.com\/index.php\/wp-json\/wp\/v2\/comments?post=15"}],"version-history":[{"count":17,"href":"https:\/\/gfleuryphotographie.com\/index.php\/wp-json\/wp\/v2\/pages\/15\/revisions"}],"predecessor-version":[{"id":2302,"href":"https:\/\/gfleuryphotographie.com\/index.php\/wp-json\/wp\/v2\/pages\/15\/revisions\/2302"}],"wp:attachment":[{"href":"https:\/\/gfleuryphotographie.com\/index.php\/wp-json\/wp\/v2\/media?parent=15"}],"curies":[{"name":"wp","href":"https:\/\/api.w.org\/{rel}","templated":true}]}}